 = r**3 - 4 - 24*r + r**2 + 128*r - 103*r. Let o(k) = k**3 + 4*k**2 + 3*k + 12. Let h be o(-4). Calculate m(h).
-4
Let c(z) be the first derivative of z**4/4 + 5*z**3/3 - 4*z**2 - 6*z - 9. Let h = -1849 - -1843. Determine c(h).
6
Let v be (((-32)/12)/1)/((-30)/225). Let k be 74/10 + (-8)/v. Let a(j) = j - 11. What is a(k)?
-4
Let g(l) = -l**3 - 23*l**2 - 21*l + 25. Suppose 17*c = -113*c - 2860. Calculate g(c).
3
Let m(w) = -w**3 - 9*w**2 - 7*w - 6. Let b(o) = -26*o - 1959. Let y be b(-75). Give m(y).
57
Let p(b) = -b**3 + 3*b**2 + 3*b - 9. Suppose -3*m = -4*y + 32, y + 54*m - 1 = 53*m. Give p(y).
-44
Suppose u = 366 - 364. Let p(f) = -6*f + 6. Give p(u).
-6
Let g(k) = -k**3 - k**2 - 2. Let j be g(-2). Suppose p - 24 = -j*p. Let t be (20/p)/(-5)*0. Let s(w) = w**3 + w + 2. Give s(t).
2
Let a(k) = -11*k**3 + 5*k**2 - 15*k + 3. Let w(y) = 13*y**3 - 5*y**2 + 17*y - 3. Let q(c) = -7*a(c) - 6*w(c). Give q(-6).
15
Let k(q) be the first derivative of 5*q**2/2 - q + 1. Let n(t) = -2*t**3 + t**2 + 18*t - 10. Let h be n(3). Determine k(h).
-6
Let j = 8786 - 8791. Let u(y) = 6*y + 12 + 6*y - 5*y + y**2. Give u(j).
2
Let o(h) = 36*h + 229. Let k be o(-6). Let r(y) = y**3 - 13*y**2 + y - 28. What is r(k)?
-15
Suppose -4*g + 20 = -26*t + 29*t, t + 2 = 3*g. Let i(f) = -2*f**2 - 37*f + 10. Let a(n) = n**2 + 18*n - 4. Let w(v) = t*i(v) + 9*a(v). What is w(-7)?
-45
Let q(b) = -b**3 - 6*b**2 + b + 6. Let r(j) = 10*j**3 - 6 + 0*j**2 - 7*j**3 + 0*j**2 - 4*j**3 - 3*j - 4*j**2. Let d be r(-3). Give q(d).
0
Let v(d) be the first derivative of d**2 - 15*d + 2290. Calculate v(5).
-5
Let l(n) = -3*n - 5*n - 283 + 2*n + 3*n + 271. Determine l(-3).
-3
Let m(j) = 91*j + 5584. Let q be m(-62). Let s(i) = -i**2 - 58*i + 2. Determine s(q).
2
Let g(j) = 3*j**2 - 280*j + 22. Let r(k) = -7*k**2 + 631*k - 44. Let b(h) = 9*g(h) + 4*r(h). Determine b(6).
10
Let g(t) = -t**3 + 5*t**2 - 2*t - 3. Suppose 14 - 4 = 4*o - 3*z, 2*z - 20 = -4*o. Suppose -4 = -3*k + 2*j + o, -2*k = -4*j. Calculate g(k).
5
Let i = -17077 - -17065. Let w(p) = -9*p - 116. Give w(i).
-8
Let o(j) be the second derivative of -2*j**3/3 - 3*j**2/2 - j + 1292. Give o(-4).
13
Let s(l) = -3*l. Let h be -4 + ((-6)/(-4))/((-2)/(-12)). Suppose -j - 3 + 2 = v, h = -2*v - 5*j. Let g(d) = 2*d**2 - 4*d - 5. Let c be g(v). What is s(c)?
15
Let r(a) = -a**2 + 27*a - 25. Let x(o) = 2*o - 4. Let g(b) = r(b) - 5*x(b). What is g(17)?
-5
Let c be (1 - 4)*(-2)/3. Let t(v) = 706*v**2 + 711*v**2 - 1434*v**c - v**3 - 24 - 18*v. What is t(-16)?
8
Suppose -5*f = -0*m + 4*m - 29, -23 = -4*m + f. Let a(r) = r**2 + 7*r - 3. Let p(g) = 3*g**2 + 14*g - 7. Let t(i) = -7*a(i) + 3*p(i). What is t(m)?
30
Let v be (-1)/(((-161)/(-82) + -2)/3). Suppose v = 27*c - 53. Let j(w) = 3*w - 6. Calculate j(c).
9
Let j(f) be the first derivative of f**3/3 + 2*f**2 - 4*f - 122. Suppose 47 = -5*v - 2*q, -v - 30 = 2*v + 3*q. Let c be (v - -7) + 1 + -4. Give j(c).
1
Let w be 630/60*2/7. Let s(x) be the second derivative of 0 - x**2 + 11/6*x**w + 36*x - 1/20*x**5 + 5/6*x**4. What is s(11)?
-2
Let g be (-20)/35*(-37 - -2). Suppose x - i + g = -2*x, 2 = x + 4*i. Let l(h) = h**3 + 7*h**2 + 4*h - 1. Calculate l(x).
11
Let u(j) be the first derivative of -j**4/4 + 4*j**3/3 - j**2/2 + 3*j + 14. Suppose -7*w + 124 = -37. Suppose 0*m = -2*m + 5*a + w, 0 = -4*a - 12. Give u(m).
-1
Let s = -38948 + 38931. Let v(a) = a**3 + 19*a**2 + 38*a + 41. Give v(s).
-27
Let g(v) = 11*v - 2*v - 135824 + 2*v + 135839. Calculate g(-11).
-106
Let u(r) be the first derivative of 3*r**2/2 + 3*r + 2062. Suppose -b + 7*b = 0. What is u(b)?
3
Let h be 3*(-808)/264 - 6/(-33). Let l(q) = q + 8. Give l(h).
-1
Let p(f) be the third derivative of -f**7/5040 + 13*f**6/720 - 23*f**5/15 + 23*f**2. Let c(q) be the third derivative of p(q). Give c(8).
5
Let z(r) = 9835 + 9844 - 19679 - 2*r. Calculate z(6).
-12
Suppose 4*l - 13*l + 153 = 0. Suppose 5 = v + l. Let g(z) = -z**2 - 12*z + 7. Calculate g(v).
7
Let c(r) = -127*r - 677. Let o(d) = -67*d - 342. Let a(f) = -3*c(f) + 5*o(f). Calculate a(-7).
-1
Let f be 39/(-13) + (8 - 3) + -6. Let w(q) = -3*q**2 - 3*q + 7. Calculate w(f).
-29
Suppose 0 = -428*d + 450*d - 462. Let z(h) = h**3 - 22*h**2 + 26*h - 107. What is z(d)?
-2
Let u(g) = g**2 + 14*g - 46. Suppose 9*q - 8310 = 563*q. What is u(q)?
-31
Let c(k) = -29*k**3 + 2*k**2 + k. Suppose 14*r + 4848 = 494. Let p = r + 310. Calculate c(p).
30
Let n(m) = 2*m**3 + 2*m**2 + 12*m. Let h(y) = -5*y**3 - 8*y**2 - 26*y - 17. Let i(x) = h(x) + 2*n(x). What is i(-4)?
-9
Let a(x) = 37*x**2 - 10*x + 25. Let j(w) = 43*w**2 - 11*w + 28. Let q(f) = -7*a(f) + 6*j(f). Determine q(7).
-28
Let k(l) = -50*l - 2. Let m(d) = -60*d - 2. Let b(a) = 5*k(a) - 4*m(a). Determine b(6).
-62
Let u = -13 + -6. Let l be 2*u/(-3) + (-2)/(-6). Let j(b) = -l + 13 - 19*b**2 - b + 14*b**2. Determine j(-1).
-4
Let t(n) = -n**3 - n**2 + 2. Let i be 2/(-1) + (-6 - (103 + -6)). Let y = i - -104. Let r be (-14 - -14)/(1 - y). Calculate t(r).
2
Let a(o) = 21*o - 236. Suppose 2*m = -r + 15, 4*m = 122*r - 118*r + 72. Determine a(m).
-5
Suppose 1053 - 1305 = -6*p. Suppose p = -0*o + 6*o. Let s(t) = t**2 - 6*t - 9. What is s(o)?
-2
Suppose -4*d + 32 = -4*j + 8, 0 = -5*j - d + 12. Let c(u) = -27*u - 11. Let p(l) = 13*l + 6. Let h(i) = 6*c(i) + 11*p(i). Determine h(j).
-19
Let y(o) = -2*o**2 - 20*o + 9. Let p(c) = c**3 - 14*c**2 - 41*c + 17. Let h(d) = 2*p(d) - 5*y(d). Determine h(8).
5
Let z(i) = 2*i**3 + 14*i**2 - 15*i + 9. Let l(j) = -j**3 - 13*j**2 + 14*j - 9. Let r(o) = 3*l(o) + 2*z(o). Give r(10).
11
Let n(a) be the second derivative of -a**5/20 - a**4/3 + a**3/2 - 7*a**2/2 + 4*a. Let y be 45/36 + (-250)/40. Determine n(y).
3
Let t(i) be the first derivative of i**4/4 + i**3/3 - i**2 + i + 5. Let b(c) = -c**3 + 3*c + 3. Suppose 31*m = 22*m - 9. Let q be b(m). Give t(q).
1
Let b(m) be the third derivative of 0 + 5/3*m**3 + 1/60*m**5 - 1/3*m**4 + 0*m + 15*m**2. Let u be b(6). Let w(g) = g**2 + 4*g + 2. Give w(u).
-2
Let r(o) = -o**2 + 2*o + 2. Let v(d) = 13*d - 23*d + 9*d + 6*d - 4*d**2 + 9 + 4*d. Let m(n) = 9*r(n) - 2*v(n). What is m(4)?
-16
Suppose 3*o = -4*d + 438, 4*o - 75 = -d + 509. Suppose 5*x + 79 = 2*j - 4*j, 4*j - 2*x = -o. Let h = -43 - j. Let c(n) = -n - 7. Calculate c(h).
-1
Let f(r) = 5*r**2 - 6*r + 20. Let g(m) = -9*m**2 + 11*m - 36. Let o(a) = 7*f(a) + 4*g(a). Let h(t) = -t + 9. Let s be h(4). What is o(s)?
-19
Let q(i) be the second derivative of -23*i**3/6 + 33*i**2/2 - 6364*i. What is q(2)?
-13
Let r(j) = -j**2 - 8. Let g(s) = s**2 - 20*s + 14. Let f be g(19). Let w be (-4)/(-18)*(4 - f). Suppose -w*q + 5*q = -q. Determine r(q).
-8
Suppose 5*p + b - 29 = 0, 2*p + 37 = 7*p + 3*b. Let l be ((2 - 0) + -4)/((-8)/12). Let i(o) = -8*o**3 + 4 + 13*o**l - 5*o - 4*o**3 - 4*o**2. Determine i(p).
4
Let s(b) be the third derivative of 0*b - 1/8*b**4 + 5*b**2 + 2/3*b**3 - 1/120*b**6 - 1/10*b**5 + 0. Give s(-5).
-6
Let j(o) = o**2 + 5*o - 6. Let d(g) = 4*g + 17. Let x be d(-5). Let w be (108/(-48))/((-2)/((-16)/x)). Suppose 0 = 5*i + 24 + w. Calculate j(i).
0
Let o(k) be the third derivative of -k**6/120 + k**5/10 + k**4/12 - k**3/3 - 6*k**2 - 4*k + 91. Suppose -3*d = d - 24. Give o(d).
10
Let m(o) be the first derivative of 2*o**3/3 + o**2/2 + o - 15. Let h be m(-1). Let x be (h/4 + -1)*(-3 - 1). Let v(z) = -z**2 - z + 2. Give v(x).
-4
Let c(l) = 6*l + 37. Let y(w) = -w + 1. Let b(x) = 2*x - 25. Let a(u) = -b(u) - 6*y(u). Let m(q) = -5*a(q) + 3*c(q). Determine m(11).
-6
Let j(b) = -3 - 15 + 6 + 5 + 3*b - 3. What is j(2)?
-4
Let u(r) = 12*r + 10. Let t(g) = 2*g + 1. Let o(x) = -12*t(x) + u(x). Determine o(-1).
10
Suppose 0 = 4*o - 4*b - 8, -o - 5 = 3*b + 13. Let k(n) = 3*n**3 - 2*n**2 - n + 2. What is k(o)?
-94
Suppose 4*m - 6 = -3*x, -m = -3*x + 5 + 1. Let t(s) = 3 + s**2 - 1153*s + 1150*s - x*s**2. What is t(2)?
-7
Let k(p) = -p**3 - 18 + 9 - 3 + 142*p**2 - 135*p**2 + 2*p**3 - 3*p. Give k(-7).
9
Let b = 347 - 215. Let t be -9*((-772)/b - 2/(-11)). Let z(j) = -54 + 2*j - 6*j + 3*j + t + j**2. Calculate z(4).
9
Let t(m) = -m**2 - 8*m + 2. Let x = -126 - -118. Let v(b) = 2*b + 2. Let f(j) = -3*j - 3. Let y(z) = 3*f(z) + 5*v(z). Let l be y(x). Calculate t(l).
9
Let a(i) = -121 + 113 - 101871*i**2 + 101869*i**2 - 4*i + i**3. Determine a(6).
11